{"id":1690,"date":"2018-03-21T14:28:53","date_gmt":"2018-03-21T13:28:53","guid":{"rendered":"http:\/\/greenwood-cup.de\/?page_id=1690"},"modified":"2018-03-21T14:33:25","modified_gmt":"2018-03-21T13:33:25","slug":"fc-hoesbach","status":"publish","type":"page","link":"https:\/\/greenwood-cup.de\/?page_id=1690","title":{"rendered":"1. FC H\u00f6sbach"},"content":{"rendered":"<p><img fetchpriority=\"high\" decoding=\"async\" class=\"aligncenter wp-image-1691 lazyload\" src=\"data:image\/gif;base64,R0lGODlhAQABAIAAAAAAAP\/\/\/yH5BAEAAAAALAAAAAABAAEAAAIBRAA7\" data-src=\"https:\/\/greenwood-cup.de\/wp-content\/uploads\/2018\/03\/1.-FC-H\u00f6sbach-2012-300x226.jpg\" alt=\"\" width=\"500\" height=\"376\" \/><noscript><img decoding=\"async\" class=\"aligncenter wp-image-1691 lazyload\" src=\"https:\/\/greenwood-cup.de\/wp-content\/uploads\/2018\/03\/1.-FC-H\u00f6sbach-2012-300x226.jpg\" alt=\"\" width=\"500\" height=\"376\" srcset=\"https:\/\/greenwood-cup.de\/wp-content\/uploads\/2018\/03\/1.-FC-H\u00f6sbach-2012-300x226.jpg 300w, https:\/\/greenwood-cup.de\/wp-content\/uploads\/2018\/03\/1.-FC-H\u00f6sbach-2012-768x577.jpg 768w, https:\/\/greenwood-cup.de\/wp-content\/uploads\/2018\/03\/1.-FC-H\u00f6sbach-2012-128x96.jpg 128w, https:\/\/greenwood-cup.de\/wp-content\/uploads\/2018\/03\/1.-FC-H\u00f6sbach-2012-32x24.jpg 32w, https:\/\/greenwood-cup.de\/wp-content\/uploads\/2018\/03\/1.-FC-H\u00f6sbach-2012-520x391.jpg 520w, https:\/\/greenwood-cup.de\/wp-content\/uploads\/2018\/03\/1.-FC-H\u00f6sbach-2012-740x556.jpg 740w, https:\/\/greenwood-cup.de\/wp-content\/uploads\/2018\/03\/1.-FC-H\u00f6sbach-2012.jpg 798w\" sizes=\"(max-width: 500px) 100vw, 500px\" \/><\/noscript><\/p>\n<p>Hintere Reihe v.l.: Head Coach Max Elbert, Tina Hartmann, Pius Heldmann, Oliver Kieris, Trainer Niklas Mracek, Martin R\u00fcckert.<\/p>\n<p>Vordere Reihe v.l.: Timo Br\u00fcckner, Yannic Hahn, Leon Simmermeier, Simon Glaab, Hannah Etzel, Philipp R\u00f6der.<img decoding=\"async\" class=\"aligncenter wp-image-1126 size-medium lazyload\" src=\"data:image\/gif;base64,R0lGODlhAQABAIAAAAAAAP\/\/\/yH5BAEAAAAALAAAAAABAAEAAAIBRAA7\" data-src=\"https:\/\/greenwood-cup.de\/wp-content\/uploads\/2018\/03\/20_Platz-300x96.png\" alt=\"\" width=\"300\" height=\"96\" \/><noscript><img loading=\"lazy\" decoding=\"async\" class=\"aligncenter wp-image-1126 size-medium lazyload\" src=\"https:\/\/greenwood-cup.de\/wp-content\/uploads\/2018\/03\/20_Platz-300x96.png\" alt=\"\" width=\"300\" height=\"96\" srcset=\"https:\/\/greenwood-cup.de\/wp-content\/uploads\/2018\/03\/20_Platz-300x96.png 300w, https:\/\/greenwood-cup.de\/wp-content\/uploads\/2018\/03\/20_Platz-768x245.png 768w, https:\/\/greenwood-cup.de\/wp-content\/uploads\/2018\/03\/20_Platz-1024x327.png 1024w, https:\/\/greenwood-cup.de\/wp-content\/uploads\/2018\/03\/20_Platz-128x41.png 128w, https:\/\/greenwood-cup.de\/wp-content\/uploads\/2018\/03\/20_Platz-32x10.png 32w, https:\/\/greenwood-cup.de\/wp-content\/uploads\/2018\/03\/20_Platz-520x166.png 520w, https:\/\/greenwood-cup.de\/wp-content\/uploads\/2018\/03\/20_Platz-740x237.png 740w, https:\/\/greenwood-cup.de\/wp-content\/uploads\/2018\/03\/20_Platz.png 1414w\" sizes=\"(max-width: 300px) 100vw, 300px\" \/><\/noscript><\/p>\n<div class=\"sportspress sp-widget-align-none\"><h4 class=\"sp-table-caption\">Ergebnisse Greenwood-Cup 2012<\/h4><div class=\"sp-template sp-template-event-blocks\">\n\t<div class=\"sp-table-wrapper\">\n\t\t<table class=\"sp-event-blocks sp-data-table\n\t\t\t\t\t sp-paginated-table\" data-sp-rows=\"10\">\n\t\t\t<thead><tr><th><\/th><\/tr><\/thead> \t\t\t<tbody>\n\t\t\t\t\t\t\t\t\t<tr class=\"sp-row sp-post alternate\" itemscope itemtype=\"http:\/\/schema.org\/SportsEvent\">\n\t\t\t\t\t\t<td>\n\t\t\t\t\t\t\t\t\t\t\t\t\t\t<span class=\"team-logo logo-odd\" title=\"FSV Frankfurt\"><img loading=\"lazy\" decoding=\"async\" width=\"109\" height=\"128\" src=\"https:\/\/greenwood-cup.de\/wp-content\/uploads\/2018\/03\/509px-FSV_Frankfurt_1899_svg-109x128.png\" class=\"attachment-sportspress-fit-icon size-sportspress-fit-icon wp-post-image\" alt=\"\" \/><\/span> <span class=\"team-logo logo-even\" title=\"1. FC H\u00f6sbach\"><img loading=\"lazy\" decoding=\"async\" width=\"128\" height=\"128\" src=\"https:\/\/greenwood-cup.de\/wp-content\/uploads\/2018\/02\/Fc_h\u00f6sbach_logo-128x128.jpg\" class=\"attachment-sportspress-fit-icon size-sportspress-fit-icon wp-post-image\" alt=\"\" \/><\/span>\t\t\t\t\t\t\t<time class=\"sp-event-date\" datetime=\"2012-11-24 09:03:36\" itemprop=\"startDate\" content=\"2012-11-24T09:03:36+01:00\">\n\t\t\t\t\t\t\t\t<a href=\"https:\/\/greenwood-cup.de\/?sp_event=fsv-frankfurt-1-fc-hoesbach-2\">24. November 2012<\/a>\t\t\t\t\t\t\t<\/time>\n\t\t\t\t\t\t\t\t\t\t\t\t\t\t<h5 class=\"sp-event-results\">\n\t\t\t\t\t\t\t\t<a href=\"https:\/\/greenwood-cup.de\/?sp_event=fsv-frankfurt-1-fc-hoesbach-2\"><span class=\"sp-result ok\">7<\/span> - <span class=\"sp-result\">0<\/span><\/a>\t\t\t\t\t\t\t<\/h5>\n\t\t\t\t\t\t\t\t\t\t\t\t\t\t\t<div class=\"sp-event-league\">Greenwood-Cup 2012<\/div>\n\t\t\t\t\t\t\t\t\t\t\t\t\t\t\t\t\t\t\t\t\t\t\t\t\t\t\t\t\t\t<div class=\"sp-event-season\">2012 Vorrunde Autohaus Scherer Gruppe<\/div>\n\t\t\t\t\t\t\t\t\t\t\t\t\t\t\t\t\t\t\t\t\t\t\t\t\t\t\t\t\t\t\t\t\t\t\t\t\t<div style=\"display:none;\" class=\"sp-event-venue\" itemprop=\"location\" itemscope itemtype=\"http:\/\/schema.org\/Place\"><div itemprop=\"address\" itemscope itemtype=\"http:\/\/schema.org\/PostalAddress\">n.\u00a0a.<\/div><\/div>\n\t\t\t\t\t\t\t\t\t\t\t\t\t\t<h4 class=\"sp-event-title\" itemprop=\"name\">\n\t\t\t\t\t\t\t\t<a href=\"https:\/\/greenwood-cup.de\/?sp_event=fsv-frankfurt-1-fc-hoesbach-2\">FSV Frankfurt \u2014 1. FC H\u00f6sbach<\/a>\t\t\t\t\t\t\t<\/h4>\n\t\t\t\t\t\t\t\n\t\t\t\t\t\t<\/td>\n\t\t\t\t\t<\/tr>\n\t\t\t\t\t\t\t\t\t\t<tr class=\"sp-row sp-post\" itemscope itemtype=\"http:\/\/schema.org\/SportsEvent\">\n\t\t\t\t\t\t<td>\n\t\t\t\t\t\t\t\t\t\t\t\t\t\t<span class=\"team-logo logo-odd\" title=\"1. FC H\u00f6sbach\"><img loading=\"lazy\" decoding=\"async\" width=\"128\" height=\"128\" src=\"https:\/\/greenwood-cup.de\/wp-content\/uploads\/2018\/02\/Fc_h\u00f6sbach_logo-128x128.jpg\" class=\"attachment-sportspress-fit-icon size-sportspress-fit-icon wp-post-image\" alt=\"\" \/><\/span> <span class=\"team-logo logo-even\" title=\"Borussia Dortmund\"><img loading=\"lazy\" decoding=\"async\" width=\"128\" height=\"128\" src=\"https:\/\/greenwood-cup.de\/wp-content\/uploads\/2018\/03\/200px-Borussia_Dortmund_logo_svg-128x128.png\" class=\"attachment-sportspress-fit-icon size-sportspress-fit-icon wp-post-image\" alt=\"\" \/><\/span>\t\t\t\t\t\t\t<time class=\"sp-event-date\" datetime=\"2012-11-24 09:47:02\" itemprop=\"startDate\" content=\"2012-11-24T09:47:02+01:00\">\n\t\t\t\t\t\t\t\t<a href=\"https:\/\/greenwood-cup.de\/?sp_event=1-fc-hoesbach-borussia-dortmund\">24. November 2012<\/a>\t\t\t\t\t\t\t<\/time>\n\t\t\t\t\t\t\t\t\t\t\t\t\t\t<h5 class=\"sp-event-results\">\n\t\t\t\t\t\t\t\t<a href=\"https:\/\/greenwood-cup.de\/?sp_event=1-fc-hoesbach-borussia-dortmund\"><span class=\"sp-result ok\">0<\/span> - <span class=\"sp-result\">12<\/span><\/a>\t\t\t\t\t\t\t<\/h5>\n\t\t\t\t\t\t\t\t\t\t\t\t\t\t\t<div class=\"sp-event-league\">Greenwood-Cup 2012<\/div>\n\t\t\t\t\t\t\t\t\t\t\t\t\t\t\t\t\t\t\t\t\t\t\t\t\t\t\t\t\t\t<div class=\"sp-event-season\">2012 Vorrunde Autohaus Scherer Gruppe<\/div>\n\t\t\t\t\t\t\t\t\t\t\t\t\t\t\t\t\t\t\t\t\t\t\t\t\t\t\t\t\t\t\t\t\t\t\t\t\t<div style=\"display:none;\" class=\"sp-event-venue\" itemprop=\"location\" itemscope itemtype=\"http:\/\/schema.org\/Place\"><div itemprop=\"address\" itemscope itemtype=\"http:\/\/schema.org\/PostalAddress\">n.\u00a0a.<\/div><\/div>\n\t\t\t\t\t\t\t\t\t\t\t\t\t\t<h4 class=\"sp-event-title\" itemprop=\"name\">\n\t\t\t\t\t\t\t\t<a href=\"https:\/\/greenwood-cup.de\/?sp_event=1-fc-hoesbach-borussia-dortmund\">1. FC H\u00f6sbach \u2014 Borussia Dortmund<\/a>\t\t\t\t\t\t\t<\/h4>\n\t\t\t\t\t\t\t\n\t\t\t\t\t\t<\/td>\n\t\t\t\t\t<\/tr>\n\t\t\t\t\t\t\t\t\t\t<tr class=\"sp-row sp-post alternate\" itemscope itemtype=\"http:\/\/schema.org\/SportsEvent\">\n\t\t\t\t\t\t<td>\n\t\t\t\t\t\t\t\t\t\t\t\t\t\t<span class=\"team-logo logo-odd\" title=\"1. FC H\u00f6sbach\"><img loading=\"lazy\" decoding=\"async\" width=\"128\" height=\"128\" src=\"https:\/\/greenwood-cup.de\/wp-content\/uploads\/2018\/02\/Fc_h\u00f6sbach_logo-128x128.jpg\" class=\"attachment-sportspress-fit-icon size-sportspress-fit-icon wp-post-image\" alt=\"\" \/><\/span> <span class=\"team-logo logo-even\" title=\"JSG Feldkahl\/ Rottenberg\"><img loading=\"lazy\" decoding=\"async\" width=\"113\" height=\"128\" src=\"https:\/\/greenwood-cup.de\/wp-content\/uploads\/2018\/02\/JSG-Feldkahl-Rottenberg-NEUi-e1668636529112-113x128.png\" class=\"attachment-sportspress-fit-icon size-sportspress-fit-icon wp-post-image\" alt=\"\" \/><\/span>\t\t\t\t\t\t\t<time class=\"sp-event-date\" datetime=\"2012-11-24 11:37:22\" itemprop=\"startDate\" content=\"2012-11-24T11:37:22+01:00\">\n\t\t\t\t\t\t\t\t<a href=\"https:\/\/greenwood-cup.de\/?sp_event=1-fc-hoesbach-jsg-feldkahl-rottenberg\">24. November 2012<\/a>\t\t\t\t\t\t\t<\/time>\n\t\t\t\t\t\t\t\t\t\t\t\t\t\t<h5 class=\"sp-event-results\">\n\t\t\t\t\t\t\t\t<a href=\"https:\/\/greenwood-cup.de\/?sp_event=1-fc-hoesbach-jsg-feldkahl-rottenberg\"><span class=\"sp-result ok\">1<\/span> - <span class=\"sp-result\">1<\/span><\/a>\t\t\t\t\t\t\t<\/h5>\n\t\t\t\t\t\t\t\t\t\t\t\t\t\t\t<div class=\"sp-event-league\">Greenwood-Cup 2012<\/div>\n\t\t\t\t\t\t\t\t\t\t\t\t\t\t\t\t\t\t\t\t\t\t\t\t\t\t\t\t\t\t<div class=\"sp-event-season\">2012 Vorrunde Autohaus Scherer Gruppe<\/div>\n\t\t\t\t\t\t\t\t\t\t\t\t\t\t\t\t\t\t\t\t\t\t\t\t\t\t\t\t\t\t\t\t\t\t\t\t\t<div style=\"display:none;\" class=\"sp-event-venue\" itemprop=\"location\" itemscope itemtype=\"http:\/\/schema.org\/Place\"><div itemprop=\"address\" itemscope itemtype=\"http:\/\/schema.org\/PostalAddress\">n.\u00a0a.<\/div><\/div>\n\t\t\t\t\t\t\t\t\t\t\t\t\t\t<h4 class=\"sp-event-title\" itemprop=\"name\">\n\t\t\t\t\t\t\t\t<a href=\"https:\/\/greenwood-cup.de\/?sp_event=1-fc-hoesbach-jsg-feldkahl-rottenberg\">1. FC H\u00f6sbach \u2014 JSG Feldkahl\/Rottenberg<\/a>\t\t\t\t\t\t\t<\/h4>\n\t\t\t\t\t\t\t\n\t\t\t\t\t\t<\/td>\n\t\t\t\t\t<\/tr>\n\t\t\t\t\t\t\t\t\t\t<tr class=\"sp-row sp-post\" itemscope itemtype=\"http:\/\/schema.org\/SportsEvent\">\n\t\t\t\t\t\t<td>\n\t\t\t\t\t\t\t\t\t\t\t\t\t\t<span class=\"team-logo logo-odd\" title=\"1. FC H\u00f6sbach\"><img loading=\"lazy\" decoding=\"async\" width=\"128\" height=\"128\" src=\"https:\/\/greenwood-cup.de\/wp-content\/uploads\/2018\/02\/Fc_h\u00f6sbach_logo-128x128.jpg\" class=\"attachment-sportspress-fit-icon size-sportspress-fit-icon wp-post-image\" alt=\"\" \/><\/span> <span class=\"team-logo logo-even\" title=\"SC Staaken Berlin\"><img loading=\"lazy\" decoding=\"async\" width=\"128\" height=\"128\" src=\"https:\/\/greenwood-cup.de\/wp-content\/uploads\/2018\/03\/SC_Staaken_1919-128x128.png\" class=\"attachment-sportspress-fit-icon size-sportspress-fit-icon wp-post-image\" alt=\"\" \/><\/span>\t\t\t\t\t\t\t<time class=\"sp-event-date\" datetime=\"2012-11-24 12:43:52\" itemprop=\"startDate\" content=\"2012-11-24T12:43:52+01:00\">\n\t\t\t\t\t\t\t\t<a href=\"https:\/\/greenwood-cup.de\/?sp_event=1-fc-hoesbach-sc-staaken-berlin\">24. November 2012<\/a>\t\t\t\t\t\t\t<\/time>\n\t\t\t\t\t\t\t\t\t\t\t\t\t\t<h5 class=\"sp-event-results\">\n\t\t\t\t\t\t\t\t<a href=\"https:\/\/greenwood-cup.de\/?sp_event=1-fc-hoesbach-sc-staaken-berlin\"><span class=\"sp-result ok\">0<\/span> - <span class=\"sp-result\">4<\/span><\/a>\t\t\t\t\t\t\t<\/h5>\n\t\t\t\t\t\t\t\t\t\t\t\t\t\t\t<div class=\"sp-event-league\">Greenwood-Cup 2012<\/div>\n\t\t\t\t\t\t\t\t\t\t\t\t\t\t\t\t\t\t\t\t\t\t\t\t\t\t\t\t\t\t<div class=\"sp-event-season\">2012 Vorrunde Autohaus Scherer Gruppe<\/div>\n\t\t\t\t\t\t\t\t\t\t\t\t\t\t\t\t\t\t\t\t\t\t\t\t\t\t\t\t\t\t\t\t\t\t\t\t\t<div style=\"display:none;\" class=\"sp-event-venue\" itemprop=\"location\" itemscope itemtype=\"http:\/\/schema.org\/Place\"><div itemprop=\"address\" itemscope itemtype=\"http:\/\/schema.org\/PostalAddress\">n.\u00a0a.<\/div><\/div>\n\t\t\t\t\t\t\t\t\t\t\t\t\t\t<h4 class=\"sp-event-title\" itemprop=\"name\">\n\t\t\t\t\t\t\t\t<a href=\"https:\/\/greenwood-cup.de\/?sp_event=1-fc-hoesbach-sc-staaken-berlin\">1. FC H\u00f6sbach \u2014 SC Staaken Berlin<\/a>\t\t\t\t\t\t\t<\/h4>\n\t\t\t\t\t\t\t\n\t\t\t\t\t\t<\/td>\n\t\t\t\t\t<\/tr>\n\t\t\t\t\t\t\t\t\t\t<tr class=\"sp-row sp-post alternate\" itemscope itemtype=\"http:\/\/schema.org\/SportsEvent\">\n\t\t\t\t\t\t<td>\n\t\t\t\t\t\t\t\t\t\t\t\t\t\t<span class=\"team-logo logo-odd\" title=\"Hannover 96\"><img loading=\"lazy\" decoding=\"async\" width=\"128\" height=\"113\" src=\"https:\/\/greenwood-cup.de\/wp-content\/uploads\/2018\/02\/283px-Hannover_96_Logo_svg-1-e1518281812888.png\" class=\"attachment-sportspress-fit-icon size-sportspress-fit-icon wp-post-image\" alt=\"\" \/><\/span> <span class=\"team-logo logo-even\" title=\"1. FC H\u00f6sbach\"><img loading=\"lazy\" decoding=\"async\" width=\"128\" height=\"128\" src=\"https:\/\/greenwood-cup.de\/wp-content\/uploads\/2018\/02\/Fc_h\u00f6sbach_logo-128x128.jpg\" class=\"attachment-sportspress-fit-icon size-sportspress-fit-icon wp-post-image\" alt=\"\" \/><\/span>\t\t\t\t\t\t\t<time class=\"sp-event-date\" datetime=\"2012-11-24 13:27:00\" itemprop=\"startDate\" content=\"2012-11-24T13:27:00+01:00\">\n\t\t\t\t\t\t\t\t<a href=\"https:\/\/greenwood-cup.de\/?sp_event=hannover-96-1-fc-hoesbach\">24. November 2012<\/a>\t\t\t\t\t\t\t<\/time>\n\t\t\t\t\t\t\t\t\t\t\t\t\t\t<h5 class=\"sp-event-results\">\n\t\t\t\t\t\t\t\t<a href=\"https:\/\/greenwood-cup.de\/?sp_event=hannover-96-1-fc-hoesbach\"><span class=\"sp-result ok\">3<\/span> - <span class=\"sp-result\">0<\/span><\/a>\t\t\t\t\t\t\t<\/h5>\n\t\t\t\t\t\t\t\t\t\t\t\t\t\t\t<div class=\"sp-event-league\">Greenwood-Cup 2012<\/div>\n\t\t\t\t\t\t\t\t\t\t\t\t\t\t\t\t\t\t\t\t\t\t\t\t\t\t\t\t\t\t<div class=\"sp-event-season\">2012 Vorrunde Autohaus Scherer Gruppe<\/div>\n\t\t\t\t\t\t\t\t\t\t\t\t\t\t\t\t\t\t\t\t\t\t\t\t\t\t\t\t\t\t\t\t\t\t\t\t\t<div style=\"display:none;\" class=\"sp-event-venue\" itemprop=\"location\" itemscope itemtype=\"http:\/\/schema.org\/Place\"><div itemprop=\"address\" itemscope itemtype=\"http:\/\/schema.org\/PostalAddress\">n.\u00a0a.<\/div><\/div>\n\t\t\t\t\t\t\t\t\t\t\t\t\t\t<h4 class=\"sp-event-title\" itemprop=\"name\">\n\t\t\t\t\t\t\t\t<a href=\"https:\/\/greenwood-cup.de\/?sp_event=hannover-96-1-fc-hoesbach\">Hannover 96 \u2014 1. FC H\u00f6sbach<\/a>\t\t\t\t\t\t\t<\/h4>\n\t\t\t\t\t\t\t\n\t\t\t\t\t\t<\/td>\n\t\t\t\t\t<\/tr>\n\t\t\t\t\t\t\t\t<\/tbody>\n\t\t<\/table>\n\t<\/div>\n\t<div class=\"sp-calendar-link sp-view-all-link\"><a href=\"https:\/\/greenwood-cup.de\/?sp_calendar=greenwood-cup-2012\">Alle Spiele sehen<\/a><\/div><\/div>\n<\/div>\n<div class=\"sportspress\"><div class=\"sp-template sp-template-league-table\">\n\t<h4 class=\"sp-table-caption\">2012 Vorrunde Autohaus Scherer-Gruppe<\/h4><div class=\"sp-table-wrapper\"><table class=\"sp-league-table sp-league-table-1673 sp-data-table sp-sortable-table sp-responsive-table table_69e5f40e25190 sp-scrollable-table sp-paginated-table\" data-sp-rows=\"10\"><thead><tr><th class=\"data-rank\">Pos.<\/th><th class=\"data-name\">Club<\/th><th class=\"data-p\">S<\/th><th class=\"data-w\">G<\/th><th class=\"data-d\">U<\/th><th class=\"data-l\">V<\/th><th class=\"data-f\">T<\/th><th class=\"data-a\">Gt<\/th><th class=\"data-pts\">P<\/th><\/tr><\/thead><tbody><tr class=\"odd sp-row-no-0\"><td class=\"data-rank\" data-label=\"Pos.\">1<\/td><td class=\"data-name has-logo\" data-label=\"Club\"><span class=\"team-logo\"><img loading=\"lazy\" decoding=\"async\" width=\"128\" height=\"128\" src=\"https:\/\/greenwood-cup.de\/wp-content\/uploads\/2018\/03\/200px-Borussia_Dortmund_logo_svg-128x128.png\" class=\"attachment-sportspress-fit-icon size-sportspress-fit-icon wp-post-image\" alt=\"\" \/><\/span>Borussia Dortmund<\/td><td class=\"data-p\" data-label=\"S\">5<\/td><td class=\"data-w\" data-label=\"G\">4<\/td><td class=\"data-d\" data-label=\"U\">0<\/td><td class=\"data-l\" data-label=\"V\">1<\/td><td class=\"data-f\" data-label=\"T\">25<\/td><td class=\"data-a\" data-label=\"Gt\">2<\/td><td class=\"data-pts\" data-label=\"P\">12<\/td><\/tr><tr class=\"even sp-row-no-1\"><td class=\"data-rank\" data-label=\"Pos.\">2<\/td><td class=\"data-name has-logo\" data-label=\"Club\"><span class=\"team-logo\"><img loading=\"lazy\" decoding=\"async\" width=\"128\" height=\"113\" src=\"https:\/\/greenwood-cup.de\/wp-content\/uploads\/2018\/02\/283px-Hannover_96_Logo_svg-1-e1518281812888.png\" class=\"attachment-sportspress-fit-icon size-sportspress-fit-icon wp-post-image\" alt=\"\" \/><\/span>Hannover 96<\/td><td class=\"data-p\" data-label=\"S\">5<\/td><td class=\"data-w\" data-label=\"G\">4<\/td><td class=\"data-d\" data-label=\"U\">0<\/td><td class=\"data-l\" data-label=\"V\">1<\/td><td class=\"data-f\" data-label=\"T\">12<\/td><td class=\"data-a\" data-label=\"Gt\">3<\/td><td class=\"data-pts\" data-label=\"P\">12<\/td><\/tr><tr class=\"odd sp-row-no-2\"><td class=\"data-rank\" data-label=\"Pos.\">3<\/td><td class=\"data-name has-logo\" data-label=\"Club\"><span class=\"team-logo\"><img loading=\"lazy\" decoding=\"async\" width=\"128\" height=\"128\" src=\"https:\/\/greenwood-cup.de\/wp-content\/uploads\/2018\/03\/SC_Staaken_1919-128x128.png\" class=\"attachment-sportspress-fit-icon size-sportspress-fit-icon wp-post-image\" alt=\"\" \/><\/span>SC Staaken Berlin<\/td><td class=\"data-p\" data-label=\"S\">5<\/td><td class=\"data-w\" data-label=\"G\">3<\/td><td class=\"data-d\" data-label=\"U\">0<\/td><td class=\"data-l\" data-label=\"V\">2<\/td><td class=\"data-f\" data-label=\"T\">15<\/td><td class=\"data-a\" data-label=\"Gt\">5<\/td><td class=\"data-pts\" data-label=\"P\">9<\/td><\/tr><tr class=\"even sp-row-no-3\"><td class=\"data-rank\" data-label=\"Pos.\">4<\/td><td class=\"data-name has-logo\" data-label=\"Club\"><span class=\"team-logo\"><img loading=\"lazy\" decoding=\"async\" width=\"109\" height=\"128\" src=\"https:\/\/greenwood-cup.de\/wp-content\/uploads\/2018\/03\/509px-FSV_Frankfurt_1899_svg-109x128.png\" class=\"attachment-sportspress-fit-icon size-sportspress-fit-icon wp-post-image\" alt=\"\" \/><\/span>FSV Frankfurt<\/td><td class=\"data-p\" data-label=\"S\">5<\/td><td class=\"data-w\" data-label=\"G\">3<\/td><td class=\"data-d\" data-label=\"U\">0<\/td><td class=\"data-l\" data-label=\"V\">2<\/td><td class=\"data-f\" data-label=\"T\">13<\/td><td class=\"data-a\" data-label=\"Gt\">2<\/td><td class=\"data-pts\" data-label=\"P\">9<\/td><\/tr><tr class=\"odd sp-row-no-4\"><td class=\"data-rank\" data-label=\"Pos.\">5<\/td><td class=\"data-name has-logo\" data-label=\"Club\"><span class=\"team-logo\"><img loading=\"lazy\" decoding=\"async\" width=\"128\" height=\"128\" src=\"https:\/\/greenwood-cup.de\/wp-content\/uploads\/2018\/02\/Fc_h\u00f6sbach_logo-128x128.jpg\" class=\"attachment-sportspress-fit-icon size-sportspress-fit-icon wp-post-image\" alt=\"\" \/><\/span>1. FC H\u00f6sbach<\/td><td class=\"data-p\" data-label=\"S\">5<\/td><td class=\"data-w\" data-label=\"G\">0<\/td><td class=\"data-d\" data-label=\"U\">1<\/td><td class=\"data-l\" data-label=\"V\">4<\/td><td class=\"data-f\" data-label=\"T\">1<\/td><td class=\"data-a\" data-label=\"Gt\">27<\/td><td class=\"data-pts\" data-label=\"P\">1<\/td><\/tr><tr class=\"even sp-row-no-5\"><td class=\"data-rank\" data-label=\"Pos.\">6<\/td><td class=\"data-name has-logo\" data-label=\"Club\"><span class=\"team-logo\"><img loading=\"lazy\" decoding=\"async\" width=\"113\" height=\"128\" src=\"https:\/\/greenwood-cup.de\/wp-content\/uploads\/2018\/02\/JSG-Feldkahl-Rottenberg-NEUi-e1668636529112-113x128.png\" class=\"attachment-sportspress-fit-icon size-sportspress-fit-icon wp-post-image\" alt=\"\" \/><\/span>JSG Feldkahl\/ Rottenberg<\/td><td class=\"data-p\" data-label=\"S\">5<\/td><td class=\"data-w\" data-label=\"G\">0<\/td><td class=\"data-d\" data-label=\"U\">1<\/td><td class=\"data-l\" data-label=\"V\">4<\/td><td class=\"data-f\" data-label=\"T\">1<\/td><td class=\"data-a\" data-label=\"Gt\">28<\/td><td class=\"data-pts\" data-label=\"P\">1<\/td><\/tr><\/tbody><\/table><\/div><\/div>\n<\/div>\n","protected":false},"excerpt":{"rendered":"<p>Hintere Reihe v.l.: Head Coach Max Elbert, Tina Hartmann, Pius Heldmann, Oliver Kieris, Trainer Niklas Mracek, Martin R\u00fcckert. Vordere Reihe v.l.: Timo Br\u00fcckner, Yannic Hahn, Leon Simmermeier, Simon Glaab, Hannah Etzel, Philipp R\u00f6der.<\/p>\n","protected":false},"author":2,"featured_media":580,"parent":1600,"menu_order":0,"comment_status":"closed","ping_status":"closed","template":"","meta":{"footnotes":""},"class_list":["post-1690","page","type-page","status-publish","has-post-thumbnail","hentry"],"_links":{"self":[{"href":"https:\/\/greenwood-cup.de\/index.php?rest_route=\/wp\/v2\/pages\/1690","targetHints":{"allow":["GET"]}}],"collection":[{"href":"https:\/\/greenwood-cup.de\/index.php?rest_route=\/wp\/v2\/pages"}],"about":[{"href":"https:\/\/greenwood-cup.de\/index.php?rest_route=\/wp\/v2\/types\/page"}],"author":[{"embeddable":true,"href":"https:\/\/greenwood-cup.de\/index.php?rest_route=\/wp\/v2\/users\/2"}],"replies":[{"embeddable":true,"href":"https:\/\/greenwood-cup.de\/index.php?rest_route=%2Fwp%2Fv2%2Fcomments&post=1690"}],"version-history":[{"count":0,"href":"https:\/\/greenwood-cup.de\/index.php?rest_route=\/wp\/v2\/pages\/1690\/revisions"}],"up":[{"embeddable":true,"href":"https:\/\/greenwood-cup.de\/index.php?rest_route=\/wp\/v2\/pages\/1600"}],"wp:featuredmedia":[{"embeddable":true,"href":"https:\/\/greenwood-cup.de\/index.php?rest_route=\/wp\/v2\/media\/580"}],"wp:attachment":[{"href":"https:\/\/greenwood-cup.de\/index.php?rest_route=%2Fwp%2Fv2%2Fmedia&parent=1690"}],"curies":[{"name":"wp","href":"https:\/\/api.w.org\/{rel}","templated":true}]}}